f**3 - 2*f**2 + 3*f. Let t = 28 + -20. Suppose m - t = 13. Calculate the remainder when w(-3) is divided by m.
18
Suppose 0 = 3*f + 2*m - 21, 4*f + 5*m - 17 = 6*m. Let a(y) = 2*y**2 - 8*y + 12. What is the remainder when 107 is divided by a(f)?
19
Let j = 9 - -19. Suppose -8 = -z + 47. What is the remainder when z is divided by j?
27
Suppose 0 = -5*r + 396 + 49. Calculate the remainder when 799 is divided by r.
87
Suppose 0 = 4*t - 26 - 6. Let p(j) = -74*j + 991. Calculate the remainder when p(13) is divided by t.
5
Let g be (405/10)/(6/88). Let n be (-8 - -1)*g/(-63). Suppose -f = -4*f + n. Calculate the remainder when 87 is divided by f.
21
Suppose 2*c + 2*b = 596, -5*c = -4*b - 700 - 781. What is the remainder when c is divided by 15?
12
Suppose -7*x + 78 = -x. Let r = 4 - -5. Calculate the remainder when x is divided by r.
4
Suppose 0 = -4*n + 48 + 32. Suppose -2*i - r + 108 = -0*r, 5*r = 20. What is the remainder when i is divided by n?
12
Let h = 199 - 25. Calculate the remainder when h is divided by 25.
24
Let m(k) = k + 11. Let t be m(-14). Let a = 8 - t. Let l = -3 + a. What is the remainder when 14 is divided by l?
6
Let c = -831 - -848. Calculate the remainder when 101 is divided by c.
16
Let z(x) = x**3 + 2*x**2 + 6*x + 93. What is the remainder when z(0) is divided by 19?
17
Suppose 0 = -61*p + 95*p - 2584. What is the remainder when p is divided by 44?
32
Let k(u) = 161*u - 11. What is the remainder when 314 is divided by k(1)?
14
Suppose 0 = -o - 5*p + 18, 5*p = -3*o + 4 + 10. What is the remainder when (12/4 + o)*56 is divided by 1/((-2)/(2 - 40))?
18
Let v(t) = 6*t - 6. Calculate the remainder when (-1 - 2)/(6/(-44)) is divided by v(2).
4
Let k = -17 + 15. Let v be (k/4)/((-6)/144). Suppose v = -a + 5*l, -5*a = -0*l - 5*l - 40. What is the remainder when a is divided by 7?
6
Suppose -3*b - 3*n + 45 + 15 = 0, 4*b = -2*n + 70. Suppose 5*g - 48 = 2*g. Suppose 4*q = 2*q + g. What is the remainder when b is divided by q?
7
Let c be -2 - 2 - (-8)/4. Calculate the remainder when 39 is divided by 40/4 - 0*c/(-4).
9
Let n = 37 - 32. Suppose -5*u - 2*p + 203 = -6*p, -224 = -n*u - 3*p. Calculate the remainder when u is divided by 12.
7
Let j(g) = 8*g - 39. Let s be j(15). Let x = s - 70. Calculate the remainder when 41 is divided by x.
8
Suppose -3*p + 40 - 11 = 2*v, 2*p = 5*v - 6. Suppose -155 + 135 = -5*z. What is the remainder when p is divided by z?
3
Let k(m) = -m**2 + 5. Let z(g) = -2*g**2 + g + 11. Let b(y) = -14*k(y) + 6*z(y). What is the remainder when 44 is divided by b(-5)?
12
Suppose 2*b - 6 = 0, -3*o - 10 = -5*o + 4*b. Calculate the remainder when 160 is divided by o.
6
Let m(f) = 17*f - 200. What is the remainder when m(25) is divided by 77?
71
Suppose 2*m - 84 = 4*q + 46, -3*m + 189 = -4*q. What is the remainder when m is divided by (24/(-5))/((-12)/40)?
11
Let o(j) be the second derivative of -j**4/12 - 8*j**3/3 - 11*j**2/2 - 22*j. Calculate the remainder when o(-12) is divided by 10.
7
Suppose 722 = c + 4*g, -g + 3*g = -c + 728. Calculate the remainder when c is divided by 82.
78
Suppose 4*x - 7*x + 63 = 0. Suppose 0*r = -2*r + 82. Calculate the remainder when r is divided by x.
20
Let i be (-33)/15 + 3/15. Suppose 0*a - 96 = -3*a. What is the remainder when a is divided by (-5 + 5/(-10))/(1/i)?
10
Calculate the remainder when 156 is divided by (180/(-21))/(15/(-70)).
36
Let k = 2 - -2. Suppose 9*t + 16 = 2*u + k*t, 0 = 4*u - 4*t - 44. Calculate the remainder when (-22)/(-10) - 2 - 249/(-5) is divided by u.
11
Let b = -862 - -915. What is the remainder when 202 is divided by b?
43
Let u(v) = -v**3 + 2*v**2 + 4*v + 1. Let c be u(3). Let x = c + 27. Let l = x - -22. What is the remainder when l is divided by 14?
11
Suppose -171 = -3*q + 5*a, q = 2*q - 4*a - 50. What is the remainder when 185 is divided by q?
61
Suppose 163 = -14*m + 387. Calculate the remainder when 104 is divided by m.
8
Let h(s) = -6*s - 2*s - 5*s + 18. What is the remainder when h(-4) is divided by 27?
16
Let p(t) = 3*t**2 + 5*t + 4. Let v be (3/4)/(45/120). What is the remainder when p(-4) is divided by v/(-5)*(-55)/2?
10
Let k = 572 - 524. What is the remainder when k is divided by 39?
9
Suppose -5*c + 374 = 3*a, -4*a + 468 = -c - 0*c. Suppose 5*b - 4*f - 375 - a = 0, -3*f = -3*b + 294. Calculate the remainder when b is divided by 22.
13
Let x(o) = -9*o - 4. Let z be x(-16). Let m = z - 132. Calculate the remainder when 79 is divided by m.
7
Let u(l) be the third derivative of l**4/24 + 11*l**3/3 + 6*l**2. Calculate the remainder when u(-7) is divided by 12.
3
Let d = -58 + 133. Let b = d - 54. Calculate the remainder when b is divided by 1/(-2) - 39/(-6).
3
Let m be 35/10*(-12)/(-7). Suppose m = -4*x + 18. Suppose -19 + 64 = x*r. What is the remainder when 28 is divided by r?
13
Let d(r) = r**2 - 5*r + 2. Let t be d(5). What is the remainder when (169 + 1)*t/4 is divided by 22?
19
What is the remainder when 139 is divided by (57/(-6))/(12/(-24))?
6
Suppose 5*f = 2*f + 30. Suppose -6*n + 87 + 9 = 0. Let m(d) = -d + 55. What is the remainder when m(n) is divided by f?
9
Let v(s) = 4*s - 9. Suppose -5*q + 2*t = -28, -6*t - 12 = q - 2*t. Calculate the remainder when v(11) is divided by q.
3
Suppose 0 = 5*s + d - 269 - 2241, 0 = s + 5*d - 526. What is the remainder when s is divided by 36?
33
Suppose -z - 480 = -5*z - x, -2*x + 597 = 5*z. Let w = z - 91. Calculate the remainder when w is divided by (-33)/(-2)*2/3.
8
Suppose -163*i - 494 = -176*i. What is the remainder when i is divided by 21?
17
Let x(c) = -c + 71. Calculate the remainder when x(14) is divided by 19.
0
Suppose 2*c - 6*t - 18 = 0, -5*c = 4*t - 0*t - 140. Calculate the remainder when 236 is divided by c.
20
What is the remainder when 1396/(-6)*16/((-64)/6) is divided by 25?
24
What is the remainder when 51 - (-1 - -2) - -3 is divided by (0 + 1)/(3/(-81)*-3)?
8
Suppose 2*k - 5*q + 22 = 70, 5*k - q = 166. What is the remainder when k is divided by 4/2*1*6?
10
Suppose 1864*d = 1857*d + 2191. Calculate the remainder when d is divided by 30.
13
Suppose 148 = 10*k - 342. Calculate the remainder when 242 is divided by k.
46
Let f(j) = -4*j**2 + 4 + 3 - 2*j + 13*j**2 - j**3 - 3*j. Suppose 5 + 3 = b. What is the remainder when 59 is divided by f(b)?
28
Suppose 17*q - 1452 = 11*q. What is the remainder when q is divided by 25?
17
What is the remainder when 114 - ((-528)/(-242) + (-4)/22) is divided by 19?
17
Suppose -101 + 521 = 14*n. What is the remainder when 148 is divided by n?
28
Let d(n) = 14*n - 39. What is the remainder when 269 is divided by d(4)?
14
Suppose -o - 5*h = 120, 5*o + 629 = 8*h - 4*h. Let f = 133 + o. Calculate the remainder when f is divided by 5.
3
Let o(y) = 12*y - 1. Let m be o(2). Suppose -2*j - m + 111 = 0. Let a(u) = 9*u - 3. Calculate the remainder when j is divided by a(2).
14
Let r(u) = -3*u**2 + 2*u**2 + 5*u**2 + 2*u - 5*u**2 + 8. Calculate the remainder when 30 is divided by r(0).
6
Let a = 766 + -752. Calculate the remainder when 205 is divided by a.
9
Let k be (1 - (-1)/(-1))*-1. Suppose j = -k + 20. Suppose -7*r + 3*r + 158 = -5*b, 0 = -2*r + 5*b + 84. What is the remainder when r is divided by j?
17
Let t = 14 - 19. Calculate the remainder when (-99)/22*(t - 1) is divided by 10.
7
Suppose -i + 34 = 3*i - 2*z, 3*i + z = 13. Let d be (-1 - 87/i)*-2. Let h = 55 - d. Calculate the remainder when h is divided by 13.
11
Let m(t) = -11*t + 2. Let a(k) = -k + 1. Let n = 7 - 9. Let u(y) = n*m(y) + 14*a(y). What is the remainder when u(10) is divided by 23?
21
Suppose -22*t - 24 = -3*o - 19*t, -5*o - 2*t = -54. Suppose -2*d + 0*d - 5*a + 91 = 0, -4*d - 2*a = -190. Calculate the remainder when d is divided by o.
8
Suppose 0*l = -2*l - 2, -5*y + 37 = -2*l. Calculate the remainder when 97 is divided by y.
6
Suppose 0 = -8*b + 31 + 33. Let o = 101 + b. What is the remainder when o is divided by 10?
9
Suppose 4*o = 49 + 347. Let b = o - 67. What is the remainder when b is divided by 11?
10
What is the remainder when 96/(-3 + 4)*(-2)/(-4) is divided by 25?
23
Suppose -5*w + 3*w = -110. Let d = 74 + w. What is the remainder when d is divided by 22?
19
Let u = 384 + -178. Calculate the remainder when u is divided by 52.
50
Let w be 16/112 + (-1)/7. Let l be (20/3)/(2/6). Suppo